{"id":341,"date":"2016-03-15T14:31:38","date_gmt":"2016-03-15T14:31:38","guid":{"rendered":"http:\/\/okthemes.com\/villenoirdemonew\/?page_id=341"},"modified":"2021-11-03T01:11:29","modified_gmt":"2021-11-03T00:11:29","slug":"notre-histoire","status":"publish","type":"page","link":"http:\/\/hubertmetz.com\/index.php\/notre-histoire\/","title":{"rendered":"Notre histoire"},"content":{"rendered":"<p>[vc_row full_width=&#8221;stretch_row&#8221; css=&#8221;.vc_custom_1459442923303{padding-top: 120px !important;background-image: url(http:\/\/hubertmetz.com\/wp-content\/uploads\/2016\/03\/our-story-back-image.jpg?id=348) !important;background-position: 0 0 !important;background-repeat: no-repeat !important;}&#8221; el_class=&#8221;gg-force-background-bottom&#8221;][vc_column width=&#8221;1\/2&#8243;][vc_column_text]<\/p>\n<h2>L&#8217;histoire<\/h2>\n<p>L&#8217;histoire du domaine s&#8217;\u00e9crit depuis au moins 7 g\u00e9n\u00e9rations. Chacune d&#8217;entre elle aura marqu\u00e9 l&#8217;histoire, que ce soit par le d\u00e9veloppement de nouvelles techniques, par l&#8217;\u00e9volution d&#8217;un b\u00e2timent, de surfaces. Bien entendu, c&#8217;est surtout au cours du 20\u00e8me si\u00e8cle que les plus grandes \u00e9volutions ont eu lieu, avec Ren\u00e9, puis Hubert surtout. Aujourd&#8217;hui, C\u00e9line est l&#8217;h\u00e9riti\u00e8re de cette histoire et de ce patrimoine et se tourne vers le futur tout en gardant les pieds sur (et dans) la terre.<\/p>\n<h2>Passion<\/h2>\n<p>Toute la famille est anim\u00e9es par la passion du vin, du vignoble. C&#8217;est cette passion que nous essayons de transmettre lors des moments de partage, de rencontre et de d\u00e9gustation au domaine.[\/vc_column_text][\/vc_column][vc_column width=&#8221;1\/2&#8243;]\n\t<div class=\"title-subtitle-box  vc_custom_1635208573441\" style=\" padding: 90px 0 0 0px; text-align: center;\">\n\t\t<p  style=\"\">L'histoire du domaine<\/p>\n\t\t<h1 style=\" font-style: normal;\">Un fabuleux destin... de vignerons<\/h1>\n\t<\/div> [\/vc_column][\/vc_row][vc_row full_width=&#8221;stretch_row&#8221; css=&#8221;.vc_custom_1617354057629{background-image: url(http:\/\/hubertmetz.com\/wp-content\/uploads\/2021\/04\/our-story-back-image-2-11.jpg?id=2297) !important;background-position: 0 0 !important;background-repeat: no-repeat !important;}&#8221; el_class=&#8221;gg-force-background-bottom-no-cover&#8221;][vc_column width=&#8221;1\/3&#8243;][\/vc_column][vc_column width=&#8221;1\/3&#8243; css=&#8221;.vc_custom_1458310150528{padding-right: 5% !important;padding-left: 5% !important;}&#8221;]\n\t<div class=\"title-subtitle-box  \" style=\" text-align: left;\">\n\t\t<p  style=\"\">Un destin original<\/p>\n\t<\/div> [vc_column_text]Aujourd\u2019hui, C\u00e9line, jeune Vigneronne, reprend le domaine familial. Un vrai changement de vie apr\u00e8s des \u00e9tudes qui l\u2019ont men\u00e9e entre l\u2019Alsace, l\u2019Australie et la Corse et une carri\u00e8re dans la communication et le conseil en management entre Avignon, Strasbourg et Paris.<\/p>\n<p>Elle s\u2019est fix\u00e9 en but: reprendre et developer le domaine tout en respectant les savois ancestraux qui se sont transmis depuis de nombreuses g\u00e9n\u00e9rations.<\/p>\n<p>Avec son compagnon Jean-Michel, ils plaquent tout en 2013 pour s\u2019installer en Alsace. Ils prennent leurs marques pour vinifier des vins de terroir, tout en proposant de nouvelles cuv\u00e9es et convertissent le domaine vers l\u2019agriculture biologique. Bien entendu, Hubert et Mich\u00e8le veillent toujours sur eux et leur apportent conseil et sagesse.[\/vc_column_text][\/vc_column][vc_column width=&#8221;1\/3&#8243;]\n\t<div class=\"title-subtitle-box  \" style=\" text-align: left;\">\n\t\t<p  style=\"\">Partage et authenticit\u00e9... le credo familial<\/p>\n\t<\/div> [vc_column_text]Dans notre famille de passionn\u00e9s, ce qui nous fait avancer est le partage; que ce soit avec nos clients, avec notre \u00e9quipe, et avec nos confr\u00e8res vignerons ou cons\u0153urs vigneronnes.<\/p>\n<p>Ces moments sont ceux qui nous font vibrer, ceux pour lesquels nous avons envie de nous lever le matin, qui nous font avancer, nous remettre en question aussi\u2026<\/p>\n<p>C\u2019est pourquoi l\u2019accueil au domaine est important, en partageant un moment convivial autour d\u2019une d\u00e9gustation de vin dans la Cave de la D\u00eeme, ce lieu fabuleux, hors du temps o\u00f9 nous vous r\u00e9v\u00e9lons quelques uns de nos secrets[\/vc_column_text][\/vc_column][\/vc_row][vc_row full_width=&#8221;stretch_row&#8221; css=&#8221;.vc_custom_1460974692501{background-color: #f1f1f1 !important;}&#8221;][vc_column]\n\t<div class=\"title-subtitle-box  vc_custom_1635898256278\" style=\" margin-bottom:90px; text-align: left;\">\n\t\t<p  style=\"\">Domaine Hubert Metz<\/p>\n\t\t<h2 style=\" font-style: normal;\">Quelques faits d'histoire<\/h2>\n\t<\/div> <section id=\"cd-timeline\" class=\"cd-container horizontal\">\n\t<div class=\"cd-timeline-block\">\n\t\t<div class=\"cd-timeline-img cd-picture\">\n\t\t<img decoding=\"async\" src=\"http:\/\/hubertmetz.com\/wp-content\/themes\/villenoir\/images\/cd-icon-location.svg\" alt=\"Location\">\n\t\t<\/div>\n\t\t<div class=\"cd-timeline-content\">\n\t\t <img decoding=\"async\" class=\"wp-post-image \" src=\"http:\/\/hubertmetz.com\/wp-content\/uploads\/2021\/10\/domaine-hubert-metz-3.jpg\" alt=\"\" \/> \n\t\t<div class=\"cd-timeline-content-wrapper\">\n\t\t<p class=\"cd-title\">Construction de la Cave de la D\u00eeme<\/p>\n\t\t<p>Un des aieux de la famille a fait construire le b\u00e2timent en 1728, constitu\u00e9 de la Cave dimi\u00e8re ainsi que d'une maison d'habitation pouvant accueillir plusieurs g\u00e9n\u00e9rations.<\/p>\n\t\t<h4 class=\"cd-date\">1728<\/h4>\n\t\t<\/div>\n\t\t<\/div>\n\t<\/div>\n\t<div class=\"cd-timeline-block\">\n\t\t<div class=\"cd-timeline-img cd-picture\">\n\t\t<img decoding=\"async\" src=\"http:\/\/hubertmetz.com\/wp-content\/themes\/villenoir\/images\/cd-icon-location.svg\" alt=\"Location\">\n\t\t<\/div>\n\t\t<div class=\"cd-timeline-content\">\n\t\t <img decoding=\"async\" class=\"wp-post-image \" src=\"http:\/\/hubertmetz.com\/wp-content\/uploads\/2021\/10\/DSC_0449.jpg\" alt=\"\" \/> \n\t\t<div class=\"cd-timeline-content-wrapper\">\n\t\t<p class=\"cd-title\">Installation d'Hubert<\/p>\n\t\t<p>A la suite de Ren\u00e9 Metz, c'est Hubert qui prend les rennes du domaine et qui le d\u00e9veloppe par l'acquisition de nouvelles surfaces, le d\u00e9veloppement de la vente de vin en bouteilles, aid\u00e9 de son \u00e9pouse Mich\u00e8le. <\/p>\n\t\t<h4 class=\"cd-date\">1971<\/h4>\n\t\t<\/div>\n\t\t<\/div>\n\t<\/div>\n\t<div class=\"cd-timeline-block\">\n\t\t<div class=\"cd-timeline-img cd-picture\">\n\t\t<img decoding=\"async\" src=\"http:\/\/hubertmetz.com\/wp-content\/themes\/villenoir\/images\/cd-icon-location.svg\" alt=\"Location\">\n\t\t<\/div>\n\t\t<div class=\"cd-timeline-content\">\n\t\t <img decoding=\"async\" class=\"wp-post-image \" src=\"http:\/\/hubertmetz.com\/wp-content\/uploads\/2021\/10\/61_Portrait-light-e1635896495966.jpg\" alt=\"\" \/> \n\t\t<div class=\"cd-timeline-content-wrapper\">\n\t\t<p class=\"cd-title\">Arriv\u00e9e de C\u00e9line et Jean-Michel au Domaine<\/p>\n\t\t<p>Apr\u00e8s des carri\u00e8res dans les syst\u00e8mes d'information et la communication, C\u00e9line, la fille d'Hubert, d\u00e9cide de revenir pour reprendre la suite du domaine avec son compagnon Jean-Michel, \u00e9galement issu du monde de l'informatique. C'est une nouvelle aventure qui commence pour eux. <\/p>\n\t\t<h4 class=\"cd-date\">2013<\/h4>\n\t\t<\/div>\n\t\t<\/div>\n\t<\/div>\n\t<div class=\"cd-timeline-block\">\n\t\t<div class=\"cd-timeline-img cd-picture\">\n\t\t<img decoding=\"async\" src=\"http:\/\/hubertmetz.com\/wp-content\/themes\/villenoir\/images\/cd-icon-location.svg\" alt=\"Location\">\n\t\t<\/div>\n\t\t<div class=\"cd-timeline-content\">\n\t\t <img decoding=\"async\" class=\"wp-post-image \" src=\"http:\/\/hubertmetz.com\/wp-content\/uploads\/2021\/10\/IMG_9220-scaled.jpg\" alt=\"\" \/> \n\t\t<div class=\"cd-timeline-content-wrapper\">\n\t\t<p class=\"cd-title\">1er mill\u00e9sime en bio<\/p>\n\t\t<p>Apr\u00e8s des ann\u00e9es de travail en production raisonn\u00e9e, puis avec l'arriv\u00e9e d'une jeune g\u00e9n\u00e9ration et des envies de prot\u00e9ger encore plus notre h\u00e9ritage... 2021 marque le tournant de la 1\u00e8re certification officielle en bio<\/p>\n\t\t<h4 class=\"cd-date\">2021<\/h4>\n\t\t<\/div>\n\t\t<\/div>\n\t<\/div><\/section>[\/vc_column][\/vc_row]<\/p>\n","protected":false},"excerpt":{"rendered":"<p>[vc_row full_width=&#8221;stretch_row&#8221; css=&#8221;.vc_custom_1459442923303{padding-top: 120px !important;background-image: url(http:\/\/hubertmetz.com\/wp-content\/uploads\/2016\/03\/our-story-back-image.jpg?id=348) !important;background-position: 0 0 !important;background-repeat: no-repeat !important;}&#8221; el_class=&#8221;gg-force-background-bottom&#8221;][vc_column width=&#8221;1\/2&#8243;][vc_column_text] L&#8217;histoire L&#8217;histoire du domaine s&#8217;\u00e9crit depuis au moins 7 g\u00e9n\u00e9rations. Chacune d&#8217;entre elle aura marqu\u00e9 l&#8217;histoire,<br class=\"read-more-spacer\"> <a class=\"more-link\" href=\"http:\/\/hubertmetz.com\/index.php\/notre-histoire\/\">Read More<\/a><\/p>\n","protected":false},"author":1,"featured_media":0,"parent":0,"menu_order":0,"comment_status":"closed","ping_status":"closed","template":"","meta":{"footnotes":""},"class_list":["post-341","page","type-page","status-publish","hentry"],"_links":{"self":[{"href":"http:\/\/hubertmetz.com\/index.php\/wp-json\/wp\/v2\/pages\/341","targetHints":{"allow":["GET"]}}],"collection":[{"href":"http:\/\/hubertmetz.com\/index.php\/wp-json\/wp\/v2\/pages"}],"about":[{"href":"http:\/\/hubertmetz.com\/index.php\/wp-json\/wp\/v2\/types\/page"}],"author":[{"embeddable":true,"href":"http:\/\/hubertmetz.com\/index.php\/wp-json\/wp\/v2\/users\/1"}],"replies":[{"embeddable":true,"href":"http:\/\/hubertmetz.com\/index.php\/wp-json\/wp\/v2\/comments?post=341"}],"version-history":[{"count":6,"href":"http:\/\/hubertmetz.com\/index.php\/wp-json\/wp\/v2\/pages\/341\/revisions"}],"predecessor-version":[{"id":2595,"href":"http:\/\/hubertmetz.com\/index.php\/wp-json\/wp\/v2\/pages\/341\/revisions\/2595"}],"wp:attachment":[{"href":"http:\/\/hubertmetz.com\/index.php\/wp-json\/wp\/v2\/media?parent=341"}],"curies":[{"name":"wp","href":"https:\/\/api.w.org\/{rel}","templated":true}]}}

<p>[vc_row full_width=&#8221;stretch_row&#8221; css=&#8221;.vc_custom_1459442923303{padding-top: 120px !important;background-image: url(http://hubertmetz.com/wp-content/uploads/2016/03/our-story-back-image.jpg?id=348) !important;background-position: 0 0 !important;background-repeat: no-repeat !important;}&#8221; el_class=&#8221;gg-force-background-bottom&#8221;][vc_column width=&#8221;1/2&#8243;][vc_column_text]</p>
<h2>L&#8217;histoire</h2>
<p>L&#8217;histoire du domaine s&#8217;écrit depuis au moins 7 générations. Chacune d&#8217;entre elle aura marqué l&#8217;histoire, que ce soit par le développement de nouvelles techniques, par l&#8217;évolution d&#8217;un bâtiment, de surfaces. Bien entendu, c&#8217;est surtout au cours du 20ème siècle que les plus grandes évolutions ont eu lieu, avec René, puis Hubert surtout. Aujourd&#8217;hui, Céline est l&#8217;héritière de cette histoire et de ce patrimoine et se tourne vers le futur tout en gardant les pieds sur (et dans) la terre.</p>
<h2>Passion</h2>
<p>Toute la famille est animées par la passion du vin, du vignoble. C&#8217;est cette passion que nous essayons de transmettre lors des moments de partage, de rencontre et de dégustation au domaine.[/vc_column_text][/vc_column][vc_column width=&#8221;1/2&#8243;]
	<div class="title-subtitle-box  vc_custom_1635208573441" style=" padding: 90px 0 0 0px; text-align: center;">
		<p  style="">L'histoire du domaine</p>
		<h1 style=" font-style: normal;">Un fabuleux destin... de vignerons</h1>
	</div> [/vc_column][/vc_row][vc_row full_width=&#8221;stretch_row&#8221; css=&#8221;.vc_custom_1617354057629{background-image: url(http://hubertmetz.com/wp-content/uploads/2021/04/our-story-back-image-2-11.jpg?id=2297) !important;background-position: 0 0 !important;background-repeat: no-repeat !important;}&#8221; el_class=&#8221;gg-force-background-bottom-no-cover&#8221;][vc_column width=&#8221;1/3&#8243;][/vc_column][vc_column width=&#8221;1/3&#8243; css=&#8221;.vc_custom_1458310150528{padding-right: 5% !important;padding-left: 5% !important;}&#8221;]
	<div class="title-subtitle-box  " style=" text-align: left;">
		<p  style="">Un destin original</p>
	</div> [vc_column_text]Aujourd’hui, Céline, jeune Vigneronne, reprend le domaine familial. Un vrai changement de vie après des études qui l’ont menée entre l’Alsace, l’Australie et la Corse et une carrière dans la communication et le conseil en management entre Avignon, Strasbourg et Paris.</p>
<p>Elle s’est fixé en but: reprendre et developer le domaine tout en respectant les savois ancestraux qui se sont transmis depuis de nombreuses générations.</p>
<p>Avec son compagnon Jean-Michel, ils plaquent tout en 2013 pour s’installer en Alsace. Ils prennent leurs marques pour vinifier des vins de terroir, tout en proposant de nouvelles cuvées et convertissent le domaine vers l’agriculture biologique. Bien entendu, Hubert et Michèle veillent toujours sur eux et leur apportent conseil et sagesse.[/vc_column_text][/vc_column][vc_column width=&#8221;1/3&#8243;]
	<div class="title-subtitle-box  " style=" text-align: left;">
		<p  style="">Partage et authenticité... le credo familial</p>
	</div> [vc_column_text]Dans notre famille de passionnés, ce qui nous fait avancer est le partage; que ce soit avec nos clients, avec notre équipe, et avec nos confrères vignerons ou consœurs vigneronnes.</p>
<p>Ces moments sont ceux qui nous font vibrer, ceux pour lesquels nous avons envie de nous lever le matin, qui nous font avancer, nous remettre en question aussi…</p>
<p>C’est pourquoi l’accueil au domaine est important, en partageant un moment convivial autour d’une dégustation de vin dans la Cave de la Dîme, ce lieu fabuleux, hors du temps où nous vous révélons quelques uns de nos secrets[/vc_column_text][/vc_column][/vc_row][vc_row full_width=&#8221;stretch_row&#8221; css=&#8221;.vc_custom_1460974692501{background-color: #f1f1f1 !important;}&#8221;][vc_column]
	<div class="title-subtitle-box  vc_custom_1635898256278" style=" margin-bottom:90px; text-align: left;">
		<p  style="">Domaine Hubert Metz</p>
		<h2 style=" font-style: normal;">Quelques faits d'histoire</h2>
	</div> <section id="cd-timeline" class="cd-container horizontal">
	<div class="cd-timeline-block">
		<div class="cd-timeline-img cd-picture">
		<img decoding="async" src="http://hubertmetz.com/wp-content/themes/villenoir/images/cd-icon-location.svg" alt="Location">
		</div>
		<div class="cd-timeline-content">
		 <img decoding="async" class="wp-post-image " src="http://hubertmetz.com/wp-content/uploads/2021/10/domaine-hubert-metz-3.jpg" alt="" /> 
		<div class="cd-timeline-content-wrapper">
		<p class="cd-title">Construction de la Cave de la Dîme</p>
		<p>Un des aieux de la famille a fait construire le bâtiment en 1728, constitué de la Cave dimière ainsi que d'une maison d'habitation pouvant accueillir plusieurs générations.</p>
		<h4 class="cd-date">1728</h4>
		</div>
		</div>
	</div>
	<div class="cd-timeline-block">
		<div class="cd-timeline-img cd-picture">
		<img decoding="async" src="http://hubertmetz.com/wp-content/themes/villenoir/images/cd-icon-location.svg" alt="Location">
		</div>
		<div class="cd-timeline-content">
		 <img decoding="async" class="wp-post-image " src="http://hubertmetz.com/wp-content/uploads/2021/10/DSC_0449.jpg" alt="" /> 
		<div class="cd-timeline-content-wrapper">
		<p class="cd-title">Installation d'Hubert</p>
		<p>A la suite de René Metz, c'est Hubert qui prend les rennes du domaine et qui le développe par l'acquisition de nouvelles surfaces, le développement de la vente de vin en bouteilles, aidé de son épouse Michèle. </p>
		<h4 class="cd-date">1971</h4>
		</div>
		</div>
	</div>
	<div class="cd-timeline-block">
		<div class="cd-timeline-img cd-picture">
		<img decoding="async" src="http://hubertmetz.com/wp-content/themes/villenoir/images/cd-icon-location.svg" alt="Location">
		</div>
		<div class="cd-timeline-content">
		 <img decoding="async" class="wp-post-image " src="http://hubertmetz.com/wp-content/uploads/2021/10/61_Portrait-light-e1635896495966.jpg" alt="" /> 
		<div class="cd-timeline-content-wrapper">
		<p class="cd-title">Arrivée de Céline et Jean-Michel au Domaine</p>
		<p>Après des carrières dans les systèmes d'information et la communication, Céline, la fille d'Hubert, décide de revenir pour reprendre la suite du domaine avec son compagnon Jean-Michel, également issu du monde de l'informatique. C'est une nouvelle aventure qui commence pour eux. </p>
		<h4 class="cd-date">2013</h4>
		</div>
		</div>
	</div>
	<div class="cd-timeline-block">
		<div class="cd-timeline-img cd-picture">
		<img decoding="async" src="http://hubertmetz.com/wp-content/themes/villenoir/images/cd-icon-location.svg" alt="Location">
		</div>
		<div class="cd-timeline-content">
		 <img decoding="async" class="wp-post-image " src="http://hubertmetz.com/wp-content/uploads/2021/10/IMG_9220-scaled.jpg" alt="" /> 
		<div class="cd-timeline-content-wrapper">
		<p class="cd-title">1er millésime en bio</p>
		<p>Après des années de travail en production raisonnée, puis avec l'arrivée d'une jeune génération et des envies de protéger encore plus notre héritage... 2021 marque le tournant de la 1ère certification officielle en bio</p>
		<h4 class="cd-date">2021</h4>
		</div>
		</div>
	</div></section>[/vc_column][/vc_row]</p>

<p>[vc_row full_width=&#8221;stretch_row&#8221; css=&#8221;.vc_custom_1459442923303{padding-top: 120px !important;background-image: url(http://hubertmetz.com/wp-content/uploads/2016/03/our-story-back-image.jpg?id=348) !important;background-position: 0 0 !important;background-repeat: no-repeat !important;}&#8221; el_class=&#8221;gg-force-background-bottom&#8221;][vc_column width=&#8221;1/2&#8243;][vc_column_text] L&#8217;histoire L&#8217;histoire du domaine s&#8217;écrit depuis au moins 7 générations. Chacune d&#8217;entre elle aura marqué l&#8217;histoire,<br class="read-more-spacer"> <a class="more-link" href="http://hubertmetz.com/index.php/notre-histoire/">Read More</a></p>
